s divided by 170?
161
What is the remainder when 735 is divided by 4?
3
What is the remainder when 20127 is divided by 148?
147
Calculate the remainder when 545 is divided by 7.
6
Calculate the remainder when 2848 is divided by 46.
42
What is the remainder when 225 is divided by 77?
71
What is the remainder when 698 is divided by 46?
8
What is the remainder when 181 is divided by 13?
12
Calculate the remainder when 1301 is divided by 1252.
49
Calculate the remainder when 1276 is divided by 358.
202
What is the remainder when 51 is divided by 42?
9
What is the remainder when 957 is divided by 317?
6
What is the remainder when 71 is divided by 17?
3
Calculate the remainder when 552 is divided by 17.
8
Calculate the remainder when 878 is divided by 16.
14
Calculate the remainder when 1000 is divided by 17.
14
Calculate the remainder when 26 is divided by 6.
2
Calculate the remainder when 3318 is divided by 83.
81
Calculate the remainder when 292 is divided by 47.
10
Calculate the remainder when 270 is divided by 85.
15
What is the remainder when 454 is divided by 62?
20
What is the remainder when 104 is divided by 9?
5
Calculate the remainder when 884 is divided by 12.
8
Calculate the remainder when 53 is divided by 39.
14
What is the remainder when 531 is divided by 17?
4
Calculate the remainder when 640 is divided by 17.
11
Calculate the remainder when 115 is divided by 28.
3
Calculate the remainder when 52149 is divided by 106.
103
Calculate the remainder when 99 is divided by 88.
11
Calculate the remainder when 365 is divided by 23.
20
Calculate the remainder when 40 is divided by 38.
2
What is the remainder when 1360 is divided by 51?
34
Calculate the remainder when 2575 is divided by 46.
45
What is the remainder when 392 is divided by 81?
68
What is the remainder when 422 is divided by 73?
57
Calculate the remainder when 1643 is divided by 12.
11
What is the remainder when 139 is divided by 41?
16
Calculate the remainder when 252 is divided by 87.
78
Calculate the remainder when 2005 is divided by 96.
85
Calculate the remainder when 293 is divided by 14.
13
Calculate the remainder when 417 is divided by 84.
81
What is the remainder when 544 is divided by 161?
61
What is the remainder when 16 is divided by 10?
6
Calculate the remainder when 16831 is divided by 23.
18
Calculate the remainder when 11565 is divided by 27.
9
Calculate the remainder when 721 is divided by 3.
1
Calculate the remainder when 1001 is divided by 112.
105
Calculate the remainder when 3904 is divided by 975.
4
Calculate the remainder when 94 is divided by 20.
14
What is the remainder when 44 is divided by 17?
10
What is the remainder when 8944 is divided by 57?
52
What is the remainder when 7849 is divided by 50?
49
Calculate the remainder when 18778 is divided by 10.
8
What is the remainder when 4558 is divided by 16?
14
Calculate the remainder when 874 is divided by 42.
34
What is the remainder when 60 is divided by 20?
0
What is the remainder when 1564 is divided by 56?
52
What is the remainder when 80 is divided by 20?
0
Calculate the remainder when 1443 is divided by 360.
3
What is the remainder when 187 is divided by 56?
19
What is the remainder when 782 is divided by 27?
26
Calculate the remainder when 955 is divided by 73.
6
What is the remainder when 268 is divided by 10?
8
What is the remainder when 582 is divided by 572?
10
Calculate the remainder when 36 is divided by 17.
2
What is the remainder when 133 is divided by 5?
3
What is the remainder when 1709 is divided by 95?
94
What is the remainder when 111 is divided by 19?
16
What is the remainder when 52534 is divided by 199?
197
What is the remainder when 194 is divided by 39?
38
What is the remainder when 552 is divided by 31?
25
What is the remainder when 379 is divided by 20?
19
Calculate the remainder when 1416 is divided by 20.
16
What is the remainder when 967 is divided by 312?
31
Calculate the remainder when 11 is divided by 10.
1
What is the remainder when 44 is divided by 17?
10
What is the remainder when 63 is divided by 37?
26
What is the remainder when 49422 is divided by 15?
12
What is the remainder when 9355 is divided by 3116?
7
What is the remainder when 1834 is divided by 80?
74
Calculate the remainder when 2386 is divided by 81.
37
What is the remainder when 660 is divided by 51?
48
Calculate the remainder when 212 is divided by 38.
22
What is the remainder when 88 is divided by 76?
12
What is the remainder when 450 is divided by 203?
44
Calculate the remainder when 1425 is divided by 31.
30
Calculate the remainder when 58 is divided by 36.
22
What is the remainder when 465 is divided by 10?
5
Calculate the remainder when 737 is divided by 6.
5
Calculate the remainder when 106 is divided by 16.
10
What is the remainder when 317 is divided by 27?
20
What is the remainder when 472 is divided by 60?
52
Calculate the remainder when 718 is divided by 38.
34
Calculate the remainder when 141 is divided by 36.
33
Calculate the remainder when 221 is divided by 77.
67
What is the remainder when 562 is divided by 140?
2
Calculate the remainder when 697 is divided by 25.
22
What is the remainder when 348 is divided by 13?
10
What is the remainder when 71 is divided by 22?
5
What is the remainder when 151 is divided by 35?
11
What is the remainder when 1115 is divided by 160?
155
What is the remainder when 171 is divided by 44?
39
What is the remainder when 2062 is divided by 188?
182
What is the remainder when 769 is divided by 192?
1
What is the remainder when 179 is divided by 38?
27
Calculate the remainder when 320 is divided by 44.
12
What is the remainder when 158 is divided by 52?
2
Calculate the remainder when 3397 is divided by 68.
65
What is the remainder when 229 is divided by 116?
113
Calculate the remainder when 3932 is divided by 127.
122
What is the remainder when 13 is divided by 6?
1
Calculate the remainder when 145 is divided by 77.
68
Calculate the remainder when 1390 is divided by 56.
46
What is the remainder when 170 is divided by 89?
81
What is the remainder when 38 is divided by 30?
8
What is the remainder when 413 is divided by 103?
1
Calculate the remainder when 201 is divided by 7.
5
What is the remainder when 244 is divided by 16?
4
What is the remainder when 425 is divided by 71?
70
What is the remainder when 4356 is divided by 45?
36
What is the remainder when 541 is divided by 109?
105
What is the remainder when 919 is divided by 42?
37
What is the remainder when 17630 is divided by 304?
302
What is the remainder when 121 is divided by 50?
21
Calculate the remainder when 189 is divided by 172.
17
Calculate the remainder when 802 is divided by 26.
22
Calculate the remainder when 1947 is divided by 277.
8
Calculate the remainder when 329 is divided by 108.
5
What is the remainder when 406 is divided by 34?
32
Calculate the remainder when 194 is divided by 28.
26
Calculate the remainder when 250 is divided by 245.
5
Calculate the remainder when 111 is divided by 41.
29
Calculate the remainder when 1945 is divided by 88.
9
Calculate the remainder when 112 is divided by 89.
23
Calculate the remainder when 2038 is divided by 8.
6
Calculate the remainder when 141 is divided by 51.
39
What is the remainder when 727 is divided by 362?
3
Calculate the remainder when 21 is divided by 11.
10
What is the remainder when 823 is divided by 274?
1
Calculate the remainder when 41 is divided by 38.
3
Calculate the remainder when 364 is divided by 123.
118
What is the remainder when 156 is divided by 54?
48
What is the remainder when 13 is divided by 8?
5
Calculate the remainder when 339 is divided by 118.
103
What is the remainder when 810 is divided by 116?
114
Calculate the remainder when 14818 is divided by 19.
17
What is the remainder when 1061 is divided by 366?
329
Calculate the remainder when 36 is divided by 6.
0
What is the remainder when 1533 is divided by 223?
195
What is the remainder when 297 is divided by 124?
49
Calculate the remainder when 441 is divided by 58.
35
Calculate the remainder when 1460 is divided by 12.
8
Calculate the remainder when 217 is divided by 3.
1
What is the remainder when 369 is divided by 104?
57
What is the remainder when 548 is divided by 16?
